{"id":76,"date":"2024-04-03T20:43:21","date_gmt":"2024-04-03T18:43:21","guid":{"rendered":"http:\/\/danse-arabesque.net\/?page_id=76"},"modified":"2024-05-21T08:39:01","modified_gmt":"2024-05-21T06:39:01","slug":"notre-ecole","status":"publish","type":"page","link":"https:\/\/danse-arabesque.net\/index.php\/notre-ecole\/","title":{"rendered":"Notre \u00e9cole"},"content":{"rendered":"\n<figure class=\"wp-block-image size-large\"><img loading=\"lazy\" decoding=\"async\" width=\"1024\" height=\"545\" src=\"https:\/\/danse-arabesque.net\/wp-content\/uploads\/2024\/04\/Final-2-1024x545.png\" alt=\"\" class=\"wp-image-201\" srcset=\"https:\/\/danse-arabesque.net\/wp-content\/uploads\/2024\/04\/Final-2-1024x545.png 1024w, https:\/\/danse-arabesque.net\/wp-content\/uploads\/2024\/04\/Final-2-300x160.png 300w, https:\/\/danse-arabesque.net\/wp-content\/uploads\/2024\/04\/Final-2-768x409.png 768w, https:\/\/danse-arabesque.net\/wp-content\/uploads\/2024\/04\/Final-2.png 1142w\" sizes=\"auto, (max-width: 1024px) 100vw, 1024px\" \/><figcaption class=\"wp-element-caption\">Final du spectacle de 2018 &#8211; The show must go on, en hommage \u00e0 notre pr\u00e9sident d&rsquo;honneur Pierre Fievet<\/figcaption><\/figure>\n\n\n\n<p>Arabesque est une association loi de 1901 qui affiche, depuis sa cr\u00e9ation en 1982, sa volont\u00e9 de d\u00e9mocratisation de la danse classique. Le tarif des cours est tr\u00e8s attractif, pour permettre au plus grand nombre d&rsquo;enfants d&rsquo;apprendre \u00e0 conna\u00eetre et \u00e0 pratiquer cet art. Notre \u00e9cole accueille des enfants et des adultes de plus de 50 villes et villages situ\u00e9s en P\u00e9v\u00e8le-Carembault et dans la m\u00e9tropole de Lille.<\/p>\n\n\n\n<p>Dominique PIERREUSE est la directrice de cette \u00e9cole depuis sa cr\u00e9ation. Form\u00e9e par Mme Meyer, Mme Billet, danseuse dans la compagnie de Ballets de la Jeunesse, professeur au R.O.K \u00e0 Lille, professeur \u00e0 l&rsquo;Ardec de Lesquin. Elle a aussi \u00e9t\u00e9 \u00e9tudiante au centre ASTIE de Lyon (centre de formation au dipl\u00f4me de l&rsquo;Etat) et continue \u00e0 se former dans la technique et la p\u00e9dagogie en participant \u00e0 des stages internationaux (les arcs 1800, St Briac, Ballets du Nord, etc&#8230;).<\/p>\n\n\n\n<p>Les activit\u00e9s sont organis\u00e9es de mani\u00e8re \u00e0 permettre aux \u00e9l\u00e8ves d&rsquo;acqu\u00e9rir les techniques et comp\u00e9tences sp\u00e9cifiques \u00e0 la pratique de la danse classique tout en apprenant \u00e0 conna\u00eetre les plus grandes \u0153uvres du r\u00e9pertoire. C&rsquo;est pourquoi nous alternons une ann\u00e9e d\u00e9di\u00e9e \u00e0 la pr\u00e9paration et au montage d&rsquo;un ballet (Sylvia en 2014, Le lac des cygnes en 2016, Casse-Noisette en 2018, La Bayad\u00e8re en 2023) que nous pr\u00e9sentons sur une des plus grandes sc\u00e8nes de la r\u00e9gion : le Colis\u00e9e de Roubaix. L&rsquo;ann\u00e9e suivante est d\u00e9di\u00e9e \u00e0 l&rsquo;approfondissement des apprentissages, gr\u00e2ce \u00e0 l&rsquo;organisation de stages en internat au bord de la mer (\u00e0 Malo-les-Bains), ainsi que de stages th\u00e9matiques en week-end, d\u00e9di\u00e9s \u00e0 diff\u00e9rents types d&rsquo;expressions et de techniques (ateliers chor\u00e9graphiques, cours de port\u00e9s, danses de caract\u00e8re). Nous organisons par ailleurs des sorties culturelles qui permettent aux \u00e9l\u00e8ves de d\u00e9couvrir des ballets dans\u00e9s par les plus grands artistes contemporains.<\/p>\n","protected":false},"excerpt":{"rendered":"<p>Arabesque est une association loi de 1901 qui affiche, depuis sa cr\u00e9ation en 1982, sa volont\u00e9 de d\u00e9mocratisation de la danse classique. Le tarif des cours est tr\u00e8s attractif, pour permettre au plus grand nombre d&rsquo;enfants d&rsquo;apprendre \u00e0 conna\u00eetre et [&hellip;]<\/p>\n","protected":false},"author":1,"featured_media":0,"parent":0,"menu_order":1,"comment_status":"closed","ping_status":"closed","template":"","meta":{"footnotes":""},"class_list":["post-76","page","type-page","status-publish","hentry"],"_links":{"self":[{"href":"https:\/\/danse-arabesque.net\/index.php\/wp-json\/wp\/v2\/pages\/76","targetHints":{"allow":["GET"]}}],"collection":[{"href":"https:\/\/danse-arabesque.net\/index.php\/wp-json\/wp\/v2\/pages"}],"about":[{"href":"https:\/\/danse-arabesque.net\/index.php\/wp-json\/wp\/v2\/types\/page"}],"author":[{"embeddable":true,"href":"https:\/\/danse-arabesque.net\/index.php\/wp-json\/wp\/v2\/users\/1"}],"replies":[{"embeddable":true,"href":"https:\/\/danse-arabesque.net\/index.php\/wp-json\/wp\/v2\/comments?post=76"}],"version-history":[{"count":10,"href":"https:\/\/danse-arabesque.net\/index.php\/wp-json\/wp\/v2\/pages\/76\/revisions"}],"predecessor-version":[{"id":269,"href":"https:\/\/danse-arabesque.net\/index.php\/wp-json\/wp\/v2\/pages\/76\/revisions\/269"}],"wp:attachment":[{"href":"https:\/\/danse-arabesque.net\/index.php\/wp-json\/wp\/v2\/media?parent=76"}],"curies":[{"name":"wp","href":"https:\/\/api.w.org\/{rel}","templated":true}]}}

Notre école

<figure class="wp-block-image size-large"><img loading="lazy" decoding="async" width="1024" height="545" src="https://danse-arabesque.net/wp-content/uploads/2024/04/Final-2-1024x545.png" alt="" class="wp-image-201" srcset="https://danse-arabesque.net/wp-content/uploads/2024/04/Final-2-1024x545.png 1024w, https://danse-arabesque.net/wp-content/uploads/2024/04/Final-2-300x160.png 300w, https://danse-arabesque.net/wp-content/uploads/2024/04/Final-2-768x409.png 768w, https://danse-arabesque.net/wp-content/uploads/2024/04/Final-2.png 1142w" sizes="auto, (max-width: 1024px) 100vw, 1024px" /><figcaption class="wp-element-caption">Final du spectacle de 2018 &#8211; The show must go on, en hommage à notre président d&rsquo;honneur Pierre Fievet</figcaption></figure>



<p>Arabesque est une association loi de 1901 qui affiche, depuis sa création en 1982, sa volonté de démocratisation de la danse classique. Le tarif des cours est très attractif, pour permettre au plus grand nombre d&rsquo;enfants d&rsquo;apprendre à connaître et à pratiquer cet art. Notre école accueille des enfants et des adultes de plus de 50 villes et villages situés en Pévèle-Carembault et dans la métropole de Lille.</p>



<p>Dominique PIERREUSE est la directrice de cette école depuis sa création. Formée par Mme Meyer, Mme Billet, danseuse dans la compagnie de Ballets de la Jeunesse, professeur au R.O.K à Lille, professeur à l&rsquo;Ardec de Lesquin. Elle a aussi été étudiante au centre ASTIE de Lyon (centre de formation au diplôme de l&rsquo;Etat) et continue à se former dans la technique et la pédagogie en participant à des stages internationaux (les arcs 1800, St Briac, Ballets du Nord, etc&#8230;).</p>



<p>Les activités sont organisées de manière à permettre aux élèves d&rsquo;acquérir les techniques et compétences spécifiques à la pratique de la danse classique tout en apprenant à connaître les plus grandes œuvres du répertoire. C&rsquo;est pourquoi nous alternons une année dédiée à la préparation et au montage d&rsquo;un ballet (Sylvia en 2014, Le lac des cygnes en 2016, Casse-Noisette en 2018, La Bayadère en 2023) que nous présentons sur une des plus grandes scènes de la région : le Colisée de Roubaix. L&rsquo;année suivante est dédiée à l&rsquo;approfondissement des apprentissages, grâce à l&rsquo;organisation de stages en internat au bord de la mer (à Malo-les-Bains), ainsi que de stages thématiques en week-end, dédiés à différents types d&rsquo;expressions et de techniques (ateliers chorégraphiques, cours de portés, danses de caractère). Nous organisons par ailleurs des sorties culturelles qui permettent aux élèves de découvrir des ballets dansés par les plus grands artistes contemporains.</p>

<p>Arabesque est une association loi de 1901 qui affiche, depuis sa création en 1982, sa volonté de démocratisation de la danse classique. Le tarif des cours est très attractif, pour permettre au plus grand nombre d&rsquo;enfants d&rsquo;apprendre à connaître et [&hellip;]</p>
